{"id":63,"date":"2022-07-15T11:48:32","date_gmt":"2022-07-15T09:48:32","guid":{"rendered":"http:\/\/halo.com.pl\/?page_id=63"},"modified":"2022-07-15T12:34:03","modified_gmt":"2022-07-15T10:34:03","slug":"halo-system-oprogramowanie-dla-ciebie","status":"publish","type":"page","link":"http:\/\/halo.com.pl\/","title":{"rendered":"Halo System"},"content":{"rendered":"\n<figure class=\"wp-block-image size-full\"><img loading=\"lazy\" decoding=\"async\" width=\"892\" height=\"170\" src=\"http:\/\/halo.com.pl\/wp-content\/uploads\/2022\/07\/top-3.jpg\" alt=\"\" class=\"wp-image-64\" srcset=\"http:\/\/halo.com.pl\/wp-content\/uploads\/2022\/07\/top-3.jpg 892w, http:\/\/halo.com.pl\/wp-content\/uploads\/2022\/07\/top-3-300x57.jpg 300w, http:\/\/halo.com.pl\/wp-content\/uploads\/2022\/07\/top-3-768x146.jpg 768w\" sizes=\"auto, (max-width: 892px) 100vw, 892px\" \/><\/figure>\n\n\n\n<p>Halo System &#8211; oprogramowanie dla Ciebie<\/p>\n\n\n\n<p>Halo System Sp. z o.o. jest do\u015bwiadczon\u0105 firm\u0105 specjalizuj\u0105c\u0105 si\u0119 w przygotowaniu i instalowaniu kasowych system\u00f3w sprzeda\u017cy. Dysponujemy w\u0142asnym oprogramowaniem, kt\u00f3rego zalety doceni\u0142o w ostatnich latach wiele firm. Na System Sprzeda\u017cy Halo sk\u0142ada si\u0119 kilka wsp\u00f3\u0142pracuj\u0105cych ze sob\u0105 aplikacji:<\/p>\n\n\n\n<p><\/p>\n\n\n\n<ul class=\"wp-block-list\"><li>oprogramowanie kasowe implementowane na wielu typach kas,<\/li><li>oprogramowanie wspomagaj\u0105ce zarz\u0105dzaniem punktami handlowymi ( sklepy, magazyny, hurtownie),<\/li><li>oprogramowanie wspomagaj\u0105ce zarz\u0105dzaniem sieci sklep\u00f3w zapewniaj\u0105ce komunikacj\u0119 pomi\u0119dzy r\u00f3\u017cnymi poziomami aplikacji oraz z systemami zewn\u0119trznymi<\/li><\/ul>\n\n\n\n<p>Szczeg\u00f3\u0142y zwi\u0105zane z Systemem Halo znajdziecie Pa\u0144stwo w punkcie &#8222;Produkty&#8221;. W budowie Systemu Halo po\u0142o\u017cyli\u015bmy du\u017cy nacisk na sfer\u0119 bezpiecze\u0144stwa i funkcjonalno\u015b\u0107 oprogramowania.<\/p>\n\n\n\n<p>Filozofia Systemu Halo to pe\u0142ne zaspokajanie potrzeb u\u017cytkownika poprzez w\u0142a\u015bciw\u0105 form\u0119 us\u0142ug:<\/p>\n\n\n\n<p><\/p>\n\n\n\n<ul class=\"wp-block-list\"><li> doradzimy i przygotujemy propozycje rozwi\u0105za\u0144,<\/li><li> przygotujemy sprz\u0119t wed\u0142ug potrzeb i zasobno\u015bci inwestora, <\/li><li> zaprojektujemy , wykonamy okablowanie komputerowe i  zapewnimy komunikacj\u0119 systemu z programami zewn\u0119trznymi, <\/li><li> wykonamy instalacj\u0119 techniczn\u0105, <\/li><li> przeszkolimy pracownik\u00f3w, <\/li><li> przystosujemy oprogramowanie do indywidualnych potrzeb, <\/li><li> dokonamy integracji lub doprowadzimy  do wymiany danych z innym u\u017cywanym oprogramowaniem (jedynie za zgod\u0105 ich tw\u00f3rc\u00f3w), &#8211; b\u0119dziemy s\u0142u\u017cy\u0107 nasz\u0105 wiedz\u0105 i do\u015bwiadczeniem<\/li><\/ul>\n\n\n\n<p><\/p>\n\n\n\n<p>Bezpiecze\u0144stwo systemu HALO<\/p>\n\n\n\n<ul class=\"wp-block-list\"><li> to specjalizowane narz\u0119dzia (klucze elektroniczne), kt\u00f3re pozwalaj\u0105 na precyzyjne definiowanie uprawnie\u0144  os\u00f3b korzystaj\u0105cych z systemu,  <\/li><li> to rejestracja wszelkich operacji w systemie,  <\/li><li> to wykluczenie wszelkich mo\u017cliwo\u015bci manipulacji danymi i obowi\u0105zek wnoszenia wszystkich poprawek lub zmiany w postaci rejestrowanej poprzez odpowiednie  dokumenty,  <\/li><li> to mo\u017cliwo\u015b\u0107 prowadzenia sprzeda\u017cy niezale\u017cnie od pracy systemu zaplecza,  <\/li><li> to dost\u0119pno\u015b\u0107 r\u00f3\u017cnych mo\u017cliwo\u015bci zabezpieczania danych,  <\/li><li> dost\u0119pny na terenie ca\u0142ej Polski serwis techniczny, <\/li><li> to wyspecjalizowany serwis telefoniczny (Hot-Line),  <\/li><li> to wreszcie stabilny odporny na wirusy system operacyjny i dobre, wytestowane oprogramowanie<\/li><\/ul>\n","protected":false},"excerpt":{"rendered":"<p>Halo System &#8211; oprogramowanie dla Ciebie Halo System Sp. z o.o. jest do\u015bwiadczon\u0105 firm\u0105 specjalizuj\u0105c\u0105 si\u0119 w przygotowaniu i instalowaniu kasowych system\u00f3w sprzeda\u017cy. Dysponujemy w\u0142asnym&hellip;<\/p>\n","protected":false},"author":1,"featured_media":0,"parent":0,"menu_order":0,"comment_status":"closed","ping_status":"closed","template":"","meta":{"footnotes":""},"class_list":["post-63","page","type-page","status-publish","hentry"],"yoast_head":"<!-- This site is optimized with the Yoast SEO plugin v19.3 - https:\/\/yoast.com\/wordpress\/plugins\/seo\/ -->\n<title>Halo System - Halo System<\/title>\n<meta name=\"robots\" content=\"index, follow, max-snippet:-1, max-image-preview:large, max-video-preview:-1\" \/>\n<link rel=\"canonical\" href=\"https:\/\/halo.com.pl\/\" \/>\n<meta property=\"og:locale\" content=\"pl_PL\" \/>\n<meta property=\"og:type\" content=\"article\" \/>\n<meta property=\"og:title\" content=\"Halo System - Halo System\" \/>\n<meta property=\"og:description\" content=\"Halo System &#8211; oprogramowanie dla Ciebie Halo System Sp. z o.o. jest do\u015bwiadczon\u0105 firm\u0105 specjalizuj\u0105c\u0105 si\u0119 w przygotowaniu i instalowaniu kasowych system\u00f3w sprzeda\u017cy. Dysponujemy w\u0142asnym&hellip;\" \/>\n<meta property=\"og:url\" content=\"https:\/\/halo.com.pl\/\" \/>\n<meta property=\"og:site_name\" content=\"Halo System\" \/>\n<meta property=\"article:modified_time\" content=\"2022-07-15T10:34:03+00:00\" \/>\n<meta property=\"og:image\" content=\"http:\/\/halo.com.pl\/wp-content\/uploads\/2022\/07\/top-3.jpg\" \/>\n<meta name=\"twitter:card\" content=\"summary_large_image\" \/>\n<meta name=\"twitter:label1\" content=\"Szacowany czas czytania\" \/>\n\t<meta name=\"twitter:data1\" content=\"2 minuty\" \/>\n<script type=\"application\/ld+json\" class=\"yoast-schema-graph\">{\"@context\":\"https:\/\/schema.org\",\"@graph\":[{\"@type\":\"Organization\",\"@id\":\"https:\/\/halo.com.pl\/#organization\",\"name\":\"Halo System\",\"url\":\"https:\/\/halo.com.pl\/\",\"sameAs\":[],\"logo\":{\"@type\":\"ImageObject\",\"inLanguage\":\"pl-PL\",\"@id\":\"https:\/\/halo.com.pl\/#\/schema\/logo\/image\/\",\"url\":\"http:\/\/halo.com.pl\/wp-content\/uploads\/2022\/07\/cropped-top.jpg\",\"contentUrl\":\"http:\/\/halo.com.pl\/wp-content\/uploads\/2022\/07\/cropped-top.jpg\",\"width\":214,\"height\":170,\"caption\":\"Halo System\"},\"image\":{\"@id\":\"https:\/\/halo.com.pl\/#\/schema\/logo\/image\/\"}},{\"@type\":\"WebSite\",\"@id\":\"https:\/\/halo.com.pl\/#website\",\"url\":\"https:\/\/halo.com.pl\/\",\"name\":\"Halo System\",\"description\":\"Halo system - systemy sprzeda\u017cowe\",\"publisher\":{\"@id\":\"https:\/\/halo.com.pl\/#organization\"},\"potentialAction\":[{\"@type\":\"SearchAction\",\"target\":{\"@type\":\"EntryPoint\",\"urlTemplate\":\"https:\/\/halo.com.pl\/?s={search_term_string}\"},\"query-input\":\"required name=search_term_string\"}],\"inLanguage\":\"pl-PL\"},{\"@type\":\"ImageObject\",\"inLanguage\":\"pl-PL\",\"@id\":\"https:\/\/halo.com.pl\/#primaryimage\",\"url\":\"http:\/\/halo.com.pl\/wp-content\/uploads\/2022\/07\/top-3.jpg\",\"contentUrl\":\"http:\/\/halo.com.pl\/wp-content\/uploads\/2022\/07\/top-3.jpg\",\"width\":892,\"height\":170},{\"@type\":\"WebPage\",\"@id\":\"https:\/\/halo.com.pl\/\",\"url\":\"https:\/\/halo.com.pl\/\",\"name\":\"Halo System - Halo System\",\"isPartOf\":{\"@id\":\"https:\/\/halo.com.pl\/#website\"},\"primaryImageOfPage\":{\"@id\":\"https:\/\/halo.com.pl\/#primaryimage\"},\"datePublished\":\"2022-07-15T09:48:32+00:00\",\"dateModified\":\"2022-07-15T10:34:03+00:00\",\"breadcrumb\":{\"@id\":\"https:\/\/halo.com.pl\/#breadcrumb\"},\"inLanguage\":\"pl-PL\",\"potentialAction\":[{\"@type\":\"ReadAction\",\"target\":[\"https:\/\/halo.com.pl\/\"]}]},{\"@type\":\"BreadcrumbList\",\"@id\":\"https:\/\/halo.com.pl\/#breadcrumb\",\"itemListElement\":[{\"@type\":\"ListItem\",\"position\":1,\"name\":\"Home\",\"item\":\"https:\/\/halo.com.pl\/\"},{\"@type\":\"ListItem\",\"position\":2,\"name\":\"Halo System\"}]}]}<\/script>\n<!-- \/ Yoast SEO plugin. -->","yoast_head_json":{"title":"Halo System - Halo System","robots":{"index":"index","follow":"follow","max-snippet":"max-snippet:-1","max-image-preview":"max-image-preview:large","max-video-preview":"max-video-preview:-1"},"canonical":"https:\/\/halo.com.pl\/","og_locale":"pl_PL","og_type":"article","og_title":"Halo System - Halo System","og_description":"Halo System &#8211; oprogramowanie dla Ciebie Halo System Sp. z o.o. jest do\u015bwiadczon\u0105 firm\u0105 specjalizuj\u0105c\u0105 si\u0119 w przygotowaniu i instalowaniu kasowych system\u00f3w sprzeda\u017cy. Dysponujemy w\u0142asnym&hellip;","og_url":"https:\/\/halo.com.pl\/","og_site_name":"Halo System","article_modified_time":"2022-07-15T10:34:03+00:00","og_image":[{"url":"http:\/\/halo.com.pl\/wp-content\/uploads\/2022\/07\/top-3.jpg"}],"twitter_card":"summary_large_image","twitter_misc":{"Szacowany czas czytania":"2 minuty"},"schema":{"@context":"https:\/\/schema.org","@graph":[{"@type":"Organization","@id":"https:\/\/halo.com.pl\/#organization","name":"Halo System","url":"https:\/\/halo.com.pl\/","sameAs":[],"logo":{"@type":"ImageObject","inLanguage":"pl-PL","@id":"https:\/\/halo.com.pl\/#\/schema\/logo\/image\/","url":"http:\/\/halo.com.pl\/wp-content\/uploads\/2022\/07\/cropped-top.jpg","contentUrl":"http:\/\/halo.com.pl\/wp-content\/uploads\/2022\/07\/cropped-top.jpg","width":214,"height":170,"caption":"Halo System"},"image":{"@id":"https:\/\/halo.com.pl\/#\/schema\/logo\/image\/"}},{"@type":"WebSite","@id":"https:\/\/halo.com.pl\/#website","url":"https:\/\/halo.com.pl\/","name":"Halo System","description":"Halo system - systemy sprzeda\u017cowe","publisher":{"@id":"https:\/\/halo.com.pl\/#organization"},"potentialAction":[{"@type":"SearchAction","target":{"@type":"EntryPoint","urlTemplate":"https:\/\/halo.com.pl\/?s={search_term_string}"},"query-input":"required name=search_term_string"}],"inLanguage":"pl-PL"},{"@type":"ImageObject","inLanguage":"pl-PL","@id":"https:\/\/halo.com.pl\/#primaryimage","url":"http:\/\/halo.com.pl\/wp-content\/uploads\/2022\/07\/top-3.jpg","contentUrl":"http:\/\/halo.com.pl\/wp-content\/uploads\/2022\/07\/top-3.jpg","width":892,"height":170},{"@type":"WebPage","@id":"https:\/\/halo.com.pl\/","url":"https:\/\/halo.com.pl\/","name":"Halo System - Halo System","isPartOf":{"@id":"https:\/\/halo.com.pl\/#website"},"primaryImageOfPage":{"@id":"https:\/\/halo.com.pl\/#primaryimage"},"datePublished":"2022-07-15T09:48:32+00:00","dateModified":"2022-07-15T10:34:03+00:00","breadcrumb":{"@id":"https:\/\/halo.com.pl\/#breadcrumb"},"inLanguage":"pl-PL","potentialAction":[{"@type":"ReadAction","target":["https:\/\/halo.com.pl\/"]}]},{"@type":"BreadcrumbList","@id":"https:\/\/halo.com.pl\/#breadcrumb","itemListElement":[{"@type":"ListItem","position":1,"name":"Home","item":"https:\/\/halo.com.pl\/"},{"@type":"ListItem","position":2,"name":"Halo System"}]}]}},"_links":{"self":[{"href":"http:\/\/halo.com.pl\/index.php?rest_route=\/wp\/v2\/pages\/63","targetHints":{"allow":["GET"]}}],"collection":[{"href":"http:\/\/halo.com.pl\/index.php?rest_route=\/wp\/v2\/pages"}],"about":[{"href":"http:\/\/halo.com.pl\/index.php?rest_route=\/wp\/v2\/types\/page"}],"author":[{"embeddable":true,"href":"http:\/\/halo.com.pl\/index.php?rest_route=\/wp\/v2\/users\/1"}],"replies":[{"embeddable":true,"href":"http:\/\/halo.com.pl\/index.php?rest_route=%2Fwp%2Fv2%2Fcomments&post=63"}],"version-history":[{"count":5,"href":"http:\/\/halo.com.pl\/index.php?rest_route=\/wp\/v2\/pages\/63\/revisions"}],"predecessor-version":[{"id":84,"href":"http:\/\/halo.com.pl\/index.php?rest_route=\/wp\/v2\/pages\/63\/revisions\/84"}],"wp:attachment":[{"href":"http:\/\/halo.com.pl\/index.php?rest_route=%2Fwp%2Fv2%2Fmedia&parent=63"}],"curies":[{"name":"wp","href":"https:\/\/api.w.org\/{rel}","templated":true}]}}